ctors of 11332117.
11332117
List the prime factors of 82910568.
2, 3, 13, 265739
List the prime factors of 75066958.
2, 137, 273967
List the prime factors of 103425134.
2, 61, 541, 1567
List the prime factors of 272608532.
2, 7, 17, 572707
List the prime factors of 112987835.
5, 22597567
List the prime factors of 19369488.
2, 3, 457, 883
What are the prime factors of 4174983648?
2, 3, 11, 181, 809
What are the prime factors of 1594107994?
2, 2213, 360169
What are the prime factors of 988299007?
988299007
What are the prime factors of 736825818?
2, 3, 122804303
List the prime factors of 6381415.
5, 43, 67, 443
What are the prime factors of 2718962190?
2, 3, 5, 7, 1291, 3343
What are the prime factors of 34886693?
61, 443, 1291
List the prime factors of 163584250.
2, 5, 797, 821
List the prime factors of 19074914.
2, 9537457
What are the prime factors of 264074306?
2, 31, 4259263
What are the prime factors of 191631191?
17, 103, 109441
List the prime factors of 189480024.
2, 3, 41, 64187
List the prime factors of 171752993.
29, 47, 126011
List the prime factors of 32015823.
3, 7, 181, 8423
What are the prime factors of 98197631?
7, 857, 16369
What are the prime factors of 15914539?
397, 40087
List the prime factors of 1730676036.
2, 3, 29, 37, 257, 523
List the prime factors of 1377982597.
1377982597
List the prime factors of 153840180.
2, 3, 5, 13, 127, 1553
What are the prime factors of 156632806?
2, 11, 23, 107, 263
What are the prime factors of 8574155165?
5, 23, 883, 84437
List the prime factors of 152169403.
23, 1997, 3313
What are the prime factors of 281382962?
2, 7, 181, 111043
What are the prime factors of 105931732?
2, 79, 271, 1237
What are the prime factors of 100017762?
2, 3, 13, 1282279
List the prime factors of 136346664.
2, 3, 17, 334183
What are the prime factors of 13215566?
2, 7, 13, 72613
List the prime factors of 325799849.
17, 19164697
What are the prime factors of 464655011?
79, 5881709
What are the prime factors of 65303216?
2, 11, 89, 379
What are the prime factors of 2006681813?
53, 37861921
What are the prime factors of 279185488?
2, 17449093
List the prime factors of 609824768.
2, 7, 21269
List the prime factors of 91608663.
3, 769, 39709
List the prime factors of 1874347180.
2, 5, 93717359
What are the prime factors of 29561647?
23, 1285289
List the prime factors of 1779623585.
5, 43, 211, 39229
List the prime factors of 116502230.
2, 5, 13, 131, 6841
What are the prime factors of 1793461775?
5, 7, 19, 71, 107
What are the prime factors of 44881854?
2, 3, 659, 11351
What are the prime factors of 31043433?
3, 179, 57809
List the prime factors of 127046875.
5, 47, 173
List the prime factors of 277879294.
2, 7, 11, 19, 13567
List the prime factors of 42624262.
2, 73, 137, 2131
What are the prime factors of 2145452762?
2, 131, 619, 13229
What are the prime factors of 685679792?
2, 7, 251, 24391
List the prime factors of 1509133780.
2, 5, 7, 11, 89087
List the prime factors of 157165353.
3, 646771
List the prime factors of 21432686.
2, 11, 974213
List the prime factors of 2463704458.
2, 197, 6253057
What are the prime factors of 664570642?
2, 503, 660607
What are the prime factors of 1356279604?
2, 339069901
List the prime factors of 76570940.
2, 5, 463, 8269
List the prime factors of 254067234.
2, 3, 37, 30931
What are the prime factors of 3956420195?
5, 7, 13, 1361, 6389
List the prime factors of 1264604826.
2, 3, 210767471
List the prime factors of 51025809.
3, 17008603
What are the prime factors of 74805028?
2, 251, 74507
List the prime factors of 2369736923.
43, 55110161
List the prime factors of 1507536392.
2, 7541, 24989
List the prime factors of 169857595.
5, 1279, 26561
List the prime factors of 231286360.
2, 5, 17, 340127
List the prime factors of 111269180.
2, 5, 11, 45979
List the prime factors of 13662063.
3, 1518007
List the prime factors of 415653228.
2, 3, 1747, 2203
What are the prime factors of 354649890?
2, 3, 5, 7, 1688809
What are the prime factors of 640265162?
2, 8831, 36251
List the prime factors of 5592131.
5592131
What are the prime factors of 677304389?
21751, 31139
List the prime factors of 886603758.
2, 3, 147767293
List the prime factors of 88766244.
2, 3, 7, 50321
List the prime factors of 358846891.
13, 27603607
What are the prime factors of 25412960?
2, 5, 17, 9343
What are the prime factors of 173712966?
2, 3, 7, 4136023
List the prime factors of 19048137.
3, 6349379
List the prime factors of 275760058.
2, 7, 461, 42727
List the prime factors of 1390816847.
7, 1801, 110321
List the prime factors of 16055776.
2, 11, 45613
List the prime factors of 3520846972.
2, 167, 5270729
List the prime factors of 34253394.
2, 3, 7, 23, 59, 601
List the prime factors of 19797453.
3, 13, 2089
What are the prime factors of 2908102699?
137, 1399, 15173
List the prime factors of 375508493.
375508493
What are the prime factors of 1346468644?
2, 6871, 48991
What are the prime factors of 4085960567?
13, 4507, 69737
List the prime factors of 43121732.
2, 10780433
List the prime factors of 98574470.
2, 5, 19, 518813
List the prime factors of 71386115.
5, 14277223
What are the prime factors of 3260623417?
3260623417
List the prime factors of 73052638.
2, 17, 2148607
List the prime factors of 6416226167.
13, 493555859
List the prime factors of 53649629.
11, 269, 18131
What are the prime factors of 57114760?
2, 5, 19, 223, 337
What are the prime factors of 127731362?
2, 11, 673, 8627
What are the prime factors of 7255114135?
5, 23, 107, 589607
What are the prime factors of 169255174?
2, 11, 7693417
What are the prime factors of 79322244?
2, 3, 6610187
What are the prime factors of 2950429276?
2, 737607319
List the prime factors of 70535943.
3, 31, 252817
What are the prime factors of 35328609?
3, 1308467
What are the prime factors of 3828531586?
2, 11, 127, 1370269
What are the prime factors of 2675780379?
3, 167, 307, 1933
List the prime factors of 72648907.
72648907
List the prime factors of 302339036.
2, 29, 911, 2861
List the prime factors of 5159887535.
5, 11, 31, 1249, 2423
List the prime factors of 6246517128.
2, 3, 17, 15310091
List the prime factors of 308466985.
5, 41, 1504717
List the prime factors of 358243888.
2, 103, 181, 1201
What are the prime factors of 1543023351?
3, 19049671
List the prime factors of 833329582.
2, 173, 1259, 1913
List the prime factors of 1559747761.
11, 13, 10907327
List the prime factors of 2216544910.
2, 5, 47, 4716053
What are the prime factors of 280915806?
2, 3, 46819301
List the prime factors of 75675722.
2, 37837861
List the prime factors of 199252734.
2, 3, 19, 571, 3061
What are the prime factors of 10051334?
2, 97, 197, 263
What are the prime factors of 233032972?
2, 89, 654587
What are the prime factors of 36368691?
3, 83, 146059
What are the prime factors of 95244486?
2, 3, 163, 97387
What are the prime factors of 41431150?
2, 5, 73, 11351
What are the prime factors of 690364348?
2, 1019, 169373
What are the prime factors of 735072564?
2, 3, 79, 775393
What are the prime factors of 44177521?
44177521
What are the prime factors of 59276596?
2, 14819149
List the prime factors of 1627980971.
19, 47, 1823047
What are the prime factors of 45855716?
2, 43, 266603
What are the prime factors of 5969179964?
2, 11, 135663181
What are the prime factors of 961364601?
3, 106818289
What are the prime factors of 293493853?
181, 1181, 1373
List the prime factors of 301945615.
5, 3001, 20123
What are the prime factors of 85543136?
2, 7, 31, 97, 127
List the prime factors of 504554459.
37, 13636607
What are the prime factors of 7215909?
3, 109, 22067
List the prime factors of 1996805805.
3, 5, 17, 7830611
List the prime factors of 78516872.
2, 7, 1402087
List the prime factors of 5145700.
2, 5, 7, 7351
What are the prime factors of 4693712566?
2, 1481, 1584643
What are the prime factors of 75149396?
2, 7, 109, 24623
What are the prime factors of 1538352798?
2, 3, 73, 571, 6151
List the prime factors of 167417577.
3, 31, 139, 1439
What are the prime factors of 2281045638?
2, 3, 380174273
List the prime factors of 821527326.
2, 3, 1607, 9467
What are the prime factors of 42201392?
2, 2637587
What are the prime factors of 442260538?
2, 221130269
What are the prime factors of 387797